t is -254 (base 13) in base 9?
-502
102004 (base 6) to base 15
2677
-1020012021 (base 3) to base 11
-171aa
Convert 74 (base 8) to base 5.
220
What is 1b24 (base 13) in base 4?
333312
Convert -742 (base 8) to base 16.
-1e2
Convert 13101 (base 8) to base 13.
2793
-20102200 (base 3) to base 8
-11121
-13331001 (base 4) to base 16
-7f41
What is -3456 (base 9) in base 5?
-40222
Convert 468 (base 10) to base 2.
111010100
-124 (base 13) to base 3
-21101
Convert -23430 (base 5) to base 9.
-2343
Convert -1b4 (base 14) to base 16.
-162
What is -15783 (base 9) in base 10?
-10848
-630 (base 9) to base 12
-369
200554 (base 6) to base 5
1001031
Convert -24421 (base 5) to base 2.
-11101000101
Convert -38 (base 16) to base 12.
-48
What is 7226 (base 10) in base 7?
30032
What is 523 (base 14) in base 16?
3f3
Convert 5 (base 11) to base 16.
5
Convert 2032 (base 6) to base 11.
381
Convert -12383 (base 9) to base 13.
-3a44
What is 3bb7 (base 15) in base 7?
52144
What is 11011110011111 (base 2) in base 9?
21471
What is -13021 (base 9) in base 15?
-28e7
-3542 (base 6) to base 15
-3be
What is -220232 (base 4) in base 7?
-10412
Convert -1233 (base 6) to base 14.
-181
What is -101322 (base 4) in base 2?
-10001111010
Convert 849 (base 10) to base 2.
1101010001
-111202222 (base 3) to base 10
-10043
What is 233231 (base 4) in base 16?
bed
Convert 197 (base 11) to base 13.
146
What is 1642 (base 7) in base 6?
3031
What is 26661 (base 7) in base 14?
28a1
What is 1000010101100 (base 2) in base 13?
1c34
-45 (base 11) to base 4
-301
-110111000 (base 2) to base 10
-440
Convert -748 (base 16) to base 7.
-5302
Convert -51 (base 16) to base 2.
-1010001
215 (base 14) to base 15
1c6
What is -61397 (base 10) in base 8?
-167725
Convert -754 (base 8) to base 7.
-1302
-2130331 (base 5) to base 15
-ab7b
Convert 68651 (base 9) to base 4.
23022202
-e2 (base 15) to base 3
-21212
What is -1324100 (base 5) in base 13?
-c258
Convert 18280 (base 12) to base 10.
34944
Convert 322031 (base 5) to base 13.
4c5a
-4846 (base 10) to base 11
-3706
What is 1bbcb (base 14) in base 7?
413544
What is 15416 (base 7) in base 13?
1c79
Convert -3b (base 16) to base 12.
-4b
Convert -422b (base 12) to base 3.
-100220222
8e8 (base 16) to base 4
203220
Convert -1001110101111 (base 2) to base 7.
-20456
Convert 222201 (base 4) to base 6.
20333
What is b468 (base 14) in base 3?
1120121101
-20121102 (base 3) to base 12
-2955
What is -14525 (base 8) in base 16?
-1955
What is -cc0 (base 14) in base 15?
-b30
What is -c6c (base 14) in base 2?
-100110010000
What is 17448 (base 9) in base 10?
12032
-1401 (base 14) to base 5
-103104
Convert -9110 (base 10) to base 13.
-41ba
-113531 (base 6) to base 9
-14541
What is 41646 (base 11) in base 3?
10002020002
What is -12303 (base 4) in base 10?
-435
Convert -bb1 (base 16) to base 4.
-232301
Convert 91d8 (base 14) to base 2.
110000111111010
Convert 10005 (base 9) to base 16.
19a6
Convert -11101011011 (base 2) to base 14.
-987
Convert 2406 (base 7) to base 12.
620
What is -111110110 (base 2) in base 9?
-617
Convert -10000 (base 2) to base 3.
-121
-4893 (base 12) to base 5
-230200
Convert -1261 (base 11) to base 2.
-11001101000
Convert -1066a (base 11) to base 2.
-11110001010011
What is -1085 (base 9) in base 11?
-673
Convert -40b (base 12) to base 10.
-587
What is -551 (base 6) in base 5?
-1321
Convert -5 (base 14) to base 5.
-10
Convert -1001001010 (base 2) to base 5.
-4321
Convert -35504 (base 7) to base 13.
-4232
Convert -86 (base 11) to base 8.
-136
Convert -7103 (base 11) to base 3.
-110221200
Convert -101000000 (base 2) to base 7.
-635
-341 (base 7) to base 6
-452
a01 (base 11) to base 4
102323
Convert 1186 (base 11) to base 14.
7c6
Convert 5307 (base 10) to base 16.
14bb
531202 (base 6) to base 15
cb58
What is 11124 (base 6) in base 15?
6e4
Convert 2074 (base 14) to base 2.
1010111010110
What is 15147 (base 14) in base 13?
1ab05
Convert -12110333 (base 4) to base 8.
-62477
-3a33 (base 11) to base 8
-12167
Convert -308 (base 14) to base 8.
-1124
26142 (base 9) to base 16
44cf
Convert -1627 (base 10) to base 4.
-121123
-a963 (base 15) to base 12
-18910
What is -2106 (base 8) in base 5?
-13334
What is 1057 (base 14) in base 16?
b05
What is 20021000 (base 3) in base 15?
1543
45356 (base 7) to base 15
3622
What is 20343 (base 6) in base 13?
131a
Convert 11000111100 (base 2) to base 14.
820
What is -8dc (base 14) in base 12?
-102a
1c23 (base 13) to base 11
3218
Convert 554132 (base 6) to base 15.
daa5
Convert -a3b (base 12) to base 4.
-113033
What is 2749 (base 13) in base 12?
331a
What is 12010120 (base 3) in base 6?
25153
What is 14413 (base 10) in base 15?
440d
Convert -1939 (base 11) to base 8.
-4636
What is 663 (base 8) in base 13?
276
What is 960b (base 14) in base 9?
38448
-10417 (base 8) to base 13
-1cac
-a5 (base 15) to base 16
-9b
What is -8a3 (base 12) in base 11?
-a5a
-10c (base 16) to base 14
-152
-1669 (base 10) to base 2
-11010000101
Convert 9d6 (base 16) to base 4.
213112
-21102102 (base 3) to base 11
-407a
Convert -2d5 (base 15) to base 3.
-220002
What is 63 (base 16) in base 8?
143
What is 5502 (base 11) in base 2?
1110001011110
What is 2035 (base 6) in base 8?
707
Convert 253 (base 9) to base 15.
e0
47241 (base 9) to base 7
160654
Convert -16a6 (base 12) to base 8.
-5236
Convert 2148 (base 11) to base 15.
c90
Convert -16018 (base 14) to base 13.
-1bcb3
-a1c (base 16) to base 10
-2588
What is 12020 (base 3) in base 2?
10001101
-11201221 (base 3) to base 6
-23554
Convert -b39 (base 12) to base 5.
-23004
What is 2112 (base 7) in base 9?
1016
Convert -4e5 (base 15) to base 3.
-1112022
Convert 18071 (base 9) to base 8.
30251
-53183 (base 9) to base 6
-430420
What is -2040 (base 5) in base 14?
-154
What is 2211 (base 4) in base 16?
a5
What is 11302203 (base 4) in base 7?
126066
Convert 5915 (base 15) to base 11.
13240
177 (base 16) to base 13
22b
Convert 1230201 (base 4) to base 15.
20d0
22202 (base 3) to base 7
455
2883 (base 9) to base 16
885
-10100000010001 (base 2) to base 4
-2200101
What is 3b7 (base 14) in base 7?
2120
Convert 110222110 (base 3) to base 15.
2c0c
2172 (base 11) to base 4
230232
What is -960 (base 15) in base 8?
-4103
Convert -10000101110100 (base 2) to base 7.
-33653
8cd8 (base 14) to base 2
101111110101110
Convert -544 (base 15) to base 5.
-14224
Convert 378 (base 15) to base 3.
1002012
Convert 35b0 (base 12) to base 10.
6036
What is -2542 (base 7) in base 16?
-3c1
Convert 203122 (base 5) to base 9.
10122
Convert -489 (base 11) to base 5.
-4311
1001101100 (base 2) to base 8
1154
Convert -20300 (base 5) to base 10.
-1325
What is -65577 (base 8) in base 3?
-1101202020
What is -4b2 (base 13) in base 8?
-1465
Convert 5415 (base 6) to base 3.
1200202
Convert -3404 (base 6) to base 15.
-381
What is 2020102 (base 4) in base 14?
3270
1638 (base 12) to base 6
20112
What is 5133 (base 13) in base 6?
123500
Convert 1310 (base 6) to base 8.
512
-42364 (base 8) to base 3
-220012210
What is -460 (base 9) in base 3?
-112000
Convert 22114 (base 5) to base 7.
4321
What is 35553 (base 6) in base 13?
2487
What is -42a1 (base 12) in base 5?
-213241
-c9ac (base 13) to base 9
-42401
Convert 165 (base 11) to base 9.
233
What is -322044 (base 5) in base 9?
-15850
1010000110 (base 2) to base 3
212221
What is 8763 (base 9) in base 6?
45520
What is -104300 (base 7) in base 12?
-a732
What is -10002 (base 4) in base 10?
-258
What is -113306 (base 7) in base 5?
-1123030
-25a (base 14) to base 7
-1243
-25625 (base 10) to base 12
-129b5
What is -1101011111 (base 2) in base 9?
-1158
What is -1764 (base 8) in base 5?
-13022
Convert 1411 (base 5) to base 8.
347
Convert -de2 (base 15) to base 10.
-3137
What is -110010000101001 (base 2) in base 4?
-12100221
Convert 171 (base 11) to base 6.
531
What is 25 (base 7) in base 4?
103
Convert -3807 (base 11) to base 6.
-35000
What is -4384 (base 14) in base 2?
-10110110100000
What is -1743 (base 10) in base 15?
-7b3
What is 2521 (base 9) in base 6?
12414
What is -1010110011111 (base 2) in base 11?
-4182
45245 (base 6) to base 9
8652
22730 (base 9) to base 7
62145
Convert 14a5 (base 12) to base 10.
2429
-727 (base 10) to base 13
-43c
312102 (base 4) to base 5
102344
Convert -6b6 (base 12) to base 8.
-1752
What is -100100000 (base 2) in